he tens digit of 5156003?
0
What is the ten thousands digit of 8477823?
7
What is the hundreds digit of 1143718?
7
What is the ten thousands digit of 546650?
4
What is the hundred thousands digit of 9181213?
1
What is the ten thousands digit of 431500?
3
What is the ten thousands digit of 332810?
3
What is the millions digit of 1750680?
1
What is the tens digit of 799289?
8
What is the hundreds digit of 1497053?
0
What is the millions digit of 4492846?
4
What is the hundreds digit of 4281682?
6
What is the tens digit of 650227?
2
What is the tens digit of 161165?
6
What is the hundred thousands digit of 1523827?
5
What is the millions digit of 1959069?
1
What is the units digit of 2151075?
5
What is the thousands digit of 5442147?
2
What is the tens digit of 12628523?
2
What is the thousands digit of 575410?
5
What is the thousands digit of 243107?
3
What is the units digit of 5306678?
8
What is the thousands digit of 467838?
7
What is the units digit of 421489?
9
What is the millions digit of 16120620?
6
What is the thousands digit of 3661391?
1
What is the tens digit of 4316324?
2
What is the tens digit of 6043728?
2
What is the tens digit of 425950?
5
What is the tens digit of 17071679?
7
What is the units digit of 18177663?
3
What is the tens digit of 253276?
7
What is the thousands digit of 2994306?
4
What is the hundreds digit of 265922?
9
What is the hundreds digit of 1045294?
2
What is the units digit of 29721088?
8
What is the tens digit of 605967?
6
What is the thousands digit of 774834?
4
What is the tens digit of 9794634?
3
What is the millions digit of 12034420?
2
What is the hundred thousands digit of 354385?
3
What is the hundreds digit of 216120?
1
What is the hundred thousands digit of 8450320?
4
What is the units digit of 829109?
9
What is the thousands digit of 26497007?
7
What is the ten thousands digit of 608966?
0
What is the tens digit of 17468730?
3
What is the units digit of 231650?
0
What is the units digit of 2417022?
2
What is the hundred thousands digit of 660403?
6
What is the thousands digit of 162149?
2
What is the ten thousands digit of 6080932?
8
What is the thousands digit of 134174?
4
What is the hundred thousands digit of 372635?
3
What is the ten thousands digit of 4140794?
4
What is the units digit of 368122?
2
What is the thousands digit of 100710?
0
What is the tens digit of 5169014?
1
What is the hundreds digit of 5512942?
9
What is the hundred thousands digit of 16100002?
1
What is the thousands digit of 306579?
6
What is the units digit of 896733?
3
What is the units digit of 622615?
5
What is the thousands digit of 4404124?
4
What is the millions digit of 24114312?
4
What is the tens digit of 115564?
6
What is the ten millions digit of 17179116?
1
What is the hundreds digit of 13122808?
8
What is the thousands digit of 2324302?
4
What is the thousands digit of 62517?
2
What is the ten thousands digit of 24465840?
6
What is the hundred thousands digit of 17390805?
3
What is the units digit of 457539?
9
What is the tens digit of 19708886?
8
What is the hundred thousands digit of 13897910?
8
What is the ten thousands digit of 34557?
3
What is the units digit of 520470?
0
What is the ten thousands digit of 21298103?
9
What is the units digit of 36441?
1
What is the thousands digit of 2294073?
4
What is the hundreds digit of 282075?
0
What is the millions digit of 4041877?
4
What is the ten thousands digit of 127853?
2
What is the hundred thousands digit of 328053?
3
What is the ten thousands digit of 1334098?
3
What is the thousands digit of 2271328?
1
What is the units digit of 3833316?
6
What is the ten thousands digit of 1650514?
5
What is the tens digit of 63469?
6
What is the millions digit of 17947117?
7
What is the hundred thousands digit of 1562790?
5
What is the hundred thousands digit of 212077?
2
What is the hundred thousands digit of 2774345?
7
What is the hundred thousands digit of 1733084?
7
What is the thousands digit of 52367?
2
What is the ten thousands digit of 1245877?
4
What is the ten millions digit of 21679055?
2
What is the tens digit of 104492?
9
What is the tens digit of 1134245?
4
What is the ten thousands digit of 112409?
1
What is the hundreds digit of 138876?
8
What is the units digit of 3516813?
3
What is the thousands digit of 346033?
6
What is the thousands digit of 8011302?
1
What is the hundreds digit of 3472628?
6
What is the ten thousands digit of 935815?
3
What is the units digit of 161580?
0
What is the millions digit of 5978649?
5
What is the hundreds digit of 54951?
9
What is the hundred thousands digit of 1357289?
3
What is the ten thousands digit of 10029?
1
What is the hundreds digit of 1429167?
1
What is the millions digit of 2184490?
2
What is the hundreds digit of 552109?
1
What is the thousands digit of 161614?
1
What is the hundreds digit of 632155?
1
What is the thousands digit of 199314?
9
What is the hundred thousands digit of 184016?
1
What is the units digit of 529000?
0
What is the hundred thousands digit of 10851521?
8
What is the tens digit of 584070?
7
What is the units digit of 4665244?
4
What is the hundreds digit of 372461?
4
What is the hundred thousands digit of 3598254?
5
What is the thousands digit of 182074?
2
What is the hundreds digit of 1132400?
4
What is the ten millions digit of 27447211?
2
What is the tens digit of 125791?
9
What is the units digit of 849050?
0
What is the hundreds digit of 48398?
3
What is the ten thousands digit of 12244147?
4
What is the units digit of 1260630?
0
What is the tens digit of 259931?
3
What is the units digit of 859556?
6
What is the millions digit of 2748004?
2
What is the units digit of 7861322?
2
What is the hundred thousands digit of 373131?
3
What is the hundreds digit of 1293977?
9
What is the tens digit of 317088?
8
What is the hundred thousands digit of 670975?
6
What is the hundreds digit of 5525131?
1
What is the tens digit of 1977495?
9
What is the hundreds digit of 597987?
9
What is the thousands digit of 418061?
8
What is the hundred thousands digit of 121255?
1
What is the hundreds digit of 487409?
4
What is the tens digit of 951556?
5
What is the tens digit of 1816733?
3
What is the tens digit of 64724?
2
What is the ten millions digit of 15513197?
1
What is the ten thousands digit of 529512?
2
What is the millions digit of 6450018?
6
What is the units digit of 4079190?
0
What is the hundreds digit of 332850?
8
What is the thousands digit of 1755423?
5
What is the hundreds digit of 398258?
2
What is the hundreds digit of 1034665?
6
What is the hundreds digit of 714063?
0
What is the hundred thousands digit of 596936?
5
What is the hundreds digit of 10679891?
8
What is the units digit of 196245?
5
What is the units digit of 26306959?
9
What is the tens digit of 22777?
7
What is the tens digit of 5324820?
2
What is the hundred thousands digit of 7205516?
2
What is the hundred thousands digit of 2469524?
4
What is the thousands digit of 282903?
2
What is the hundreds digit of 4127175?
1
What is the ten thousands digit of 229638?
2
What is the thousands digit of 229203?
9
What is the millions digit of 3607670?
3
What is the hundred thousands digit of 1574946?
5
What is the hundreds digit of 180?
1
What is the millions digit of 4666589?
4
What is the ten thousands digit of 3496576?
9
What is the hundred thousands digit of 25085965?
0
What is the thousands digit of 256512?
6
What is the tens digit of 2663926?
2
What is the tens digit of 7214953?
5
What is the ten thousands digit of 2451313?
5
What is the tens digit of 535323?
2
What is the ten thousands digit of 3994969?
9
What is the thousands digit of 99562?
9
What is the tens digit of 26109279?
7
What is the thousands digit of 3823268?
3
What is the thousands digit of 73509?
3
What is the hundreds digit of 11272527?
5
What is the ten thousands digit of 45042?
4
What is the ten thousands digit of 911010?
1
What is the hundreds digit of 2956930?
9
What is the ten thousands digit of 860481?
6
What is the tens digit of 2766160?
6
What is the hundreds digit of 161877?
8
What is the thousands digit of 31803696?
3
What is the ten thousands digit of 78937?
7
What is the tens digit of 37997?
9
What is the thousands digit of 13525414?
5
What is